{"id":14542,"date":"2026-01-01T12:32:05","date_gmt":"2026-01-01T11:32:05","guid":{"rendered":"https:\/\/www.spiare.com\/blog\/?page_id=14542"},"modified":"2026-01-01T12:37:00","modified_gmt":"2026-01-01T11:37:00","slug":"test-microfono","status":"publish","type":"page","link":"https:\/\/www.spiare.com\/blog\/test-microfono\/","title":{"rendered":"Test Microfono VOX: Calibra la tua Microspia | Spiare.com"},"content":{"rendered":"\n<div style=\"max-width: 700px; margin: 0 auto; padding: 20px; border: 1px solid #ccc; border-radius: 10px; font-family: sans-serif; background-color: #f4f4f4; text-align: center; position: relative;\">\n    \n    <div style=\"text-align: left; margin-bottom: 15px;\">\n        <a href=\"https:\/\/www.spiare.com\/blog\/strumenti-tecnici-e-calcolatori-investigativi\/\" style=\"text-decoration: none; color: #666; font-size: 0.9em; font-weight: bold; display: inline-flex; align-items: center; transition: color 0.2s;\">\n            <span style=\"color: #d32f2f; font-size: 1.2em; margin-right: 5px;\">&#8592;<\/span> Torna agli Strumenti\n        <\/a>\n    <\/div>\n\n    <h3 style=\"color: #333; margin-bottom: 5px; margin-top: 0;\">Analizzatore Spettro VOX<\/h3>\n    <p style=\"font-size: 0.85em; color: #666; margin-bottom: 20px;\">Visualizza l&#8217;onda sonora e regola la soglia di attivazione.<\/p>\n\n    <button id=\"startButton\" onclick=\"startAudio()\" style=\"background-color: #d32f2f; color: white; border: none; padding: 12px 30px; font-size: 16px; border-radius: 5px; cursor: pointer; margin-bottom: 15px; font-weight: bold;\">\n        ATTIVA ANALIZZATORE\n    <\/button>\n\n    <div id=\"interface\" style=\"display:none;\">\n        \n        <div style=\"position: relative; width: 100%; height: 200px; background-color: #000; border-radius: 6px; border: 2px solid #555; overflow: hidden; margin-bottom: 20px;\">\n            <div id=\"thresholdLine\" style=\"position: absolute; top: 50%; left: 0; right: 0; height: 2px; background-color: rgba(255, 0, 0, 0.7); z-index: 10; border-top: 1px dashed red;\"><\/div>\n            <p style=\"position: absolute; top: 5px; right: 10px; color: #0f0; font-family: monospace; font-size: 0.8em; margin: 0;\">LIVE SIGNAL<\/p>\n            <canvas id=\"oscilloscope\" style=\"width: 100%; height: 100%; display: block;\"><\/canvas>\n        <\/div>\n\n        <div style=\"display: flex; justify-content: space-between; align-items: center; margin-bottom: 20px; flex-wrap: wrap;\">\n            \n            <div style=\"text-align: left;\">\n                <span style=\"font-size: 0.8em; font-weight: bold; color: #666;\">STATO DISPOSITIVO:<\/span><br \/>\n                <span id=\"statusText\" style=\"font-weight: bold; font-size: 1.2em; color: #4caf50;\">STANDBY<\/span>\n            <\/div>\n\n            <div style=\"background: #fff; padding: 5px 15px; border-radius: 5px; border: 1px solid #ddd;\">\n                <span style=\"font-size: 0.8em; color: #666;\">Attivazioni:<\/span>\n                <strong id=\"counter\" style=\"color: #d32f2f; font-size: 1.2em;\">0<\/strong>\n            <\/div>\n        <\/div>\n\n        <div style=\"background: #fff; padding: 15px; border-radius: 8px; border: 1px solid #ddd;\">\n            <label style=\"font-weight: bold; display: block; margin-bottom: 10px;\">Regola Sensibilit\u00e0 (Sposta la riga rossa)<\/label>\n            <input type=\"range\" id=\"thresholdSlider\" min=\"0\" max=\"128\" value=\"30\" oninput=\"updateThresholdVisual()\" style=\"width: 100%; cursor: pointer;\"\/>\n            <div style=\"display: flex; justify-content: space-between; font-size: 0.8em; color: #666; margin-top: 5px;\">\n                <span>Alta Sensibilit\u00e0 (Registra tutto)<\/span>\n                <span>Bassa Sensibilit\u00e0 (Solo urla)<\/span>\n            <\/div>\n        <\/div>\n\n        <div id=\"replayBox\" style=\"margin-top: 20px; opacity: 0.4; transition: opacity 0.3s;\">\n            <p style=\"font-size: 0.8em; margin-bottom: 5px;\">Ultima registrazione (5 sec):<\/p>\n            <audio id=\"audioPlayer\" controls style=\"width: 100%; height: 30px;\"><\/audio>\n        <\/div>\n    <\/div>\n<\/div>\n\n<script>\nlet audioContext;\nlet analyser;\nlet source;\nlet canvas, ctx;\nlet bufferLength, dataArray;\nlet isRunning = false;\nlet isRecording = false;\nlet activationCount = 0;\nlet mediaRecorder;\nlet audioChunks = [];\n\nfunction startAudio() {\n    if(isRunning) return;\n    document.getElementById('startButton').style.display = 'none';\n    document.getElementById('interface').style.display = 'block';\n\n    navigator.mediaDevices.getUserMedia({ audio: true })\n    .then(function(stream) {\n        audioContext = new (window.AudioContext || window.webkitAudioContext)();\n        analyser = audioContext.createAnalyser();\n        source = audioContext.createMediaStreamSource(stream);\n        \n        analyser.fftSize = 2048;\n        bufferLength = analyser.frequencyBinCount;\n        dataArray = new Uint8Array(bufferLength);\n        \n        source.connect(analyser);\n\n        canvas = document.getElementById('oscilloscope');\n        ctx = canvas.getContext('2d');\n        \n        \/\/ Fix per schermi retina\n        const dpr = window.devicePixelRatio || 1;\n        const rect = canvas.getBoundingClientRect();\n        canvas.width = rect.width * dpr;\n        canvas.height = rect.height * dpr;\n        ctx.scale(dpr, dpr);\n\n        mediaRecorder = new MediaRecorder(stream);\n        mediaRecorder.ondataavailable = e => audioChunks.push(e.data);\n        mediaRecorder.onstop = () => {\n            const blob = new Blob(audioChunks, { 'type' : 'audio\/wav' });\n            const url = URL.createObjectURL(blob);\n            document.getElementById('audioPlayer').src = url;\n            audioChunks = [];\n            document.getElementById('replayBox').style.opacity = 1;\n        };\n\n        isRunning = true;\n        draw();\n        updateThresholdVisual();\n    })\n    .catch(err => alert(\"Errore microfono: \" + err));\n}\n\nfunction updateThresholdVisual() {\n    const slider = document.getElementById('thresholdSlider');\n    const line = document.getElementById('thresholdLine');\n    let percent = slider.value; \n    \n    \/\/ Sposta la linea rossa visivamente in base allo slider\n    line.style.top = (50 - (percent\/2.56)) + \"%\"; \n}\n\nfunction draw() {\n    requestAnimationFrame(draw);\n\n    analyser.getByteTimeDomainData(dataArray);\n\n    ctx.fillStyle = 'rgb(0, 0, 0)';\n    ctx.fillRect(0, 0, canvas.width \/ (window.devicePixelRatio || 1), canvas.height \/ (window.devicePixelRatio || 1));\n\n    ctx.lineWidth = 2;\n    ctx.strokeStyle = 'rgb(0, 255, 0)';\n\n    ctx.beginPath();\n\n    const width = canvas.width \/ (window.devicePixelRatio || 1);\n    const height = canvas.height \/ (window.devicePixelRatio || 1);\n    const sliceWidth = width * 1.0 \/ bufferLength;\n    let x = 0;\n    let maxAmplitude = 0;\n\n    for(let i = 0; i < bufferLength; i++) {\n        const v = dataArray[i] \/ 128.0;\n        const y = v * height \/ 2;\n        \n        let amp = Math.abs(dataArray[i] - 128);\n        if(amp > maxAmplitude) maxAmplitude = amp;\n\n        if(i === 0) ctx.moveTo(x, y);\n        else ctx.lineTo(x, y);\n\n        x += sliceWidth;\n    }\n\n    ctx.lineTo(width, height \/ 2);\n    ctx.stroke();\n\n    checkThreshold(maxAmplitude);\n}\n\nfunction checkThreshold(amplitude) {\n    const statusText = document.getElementById('statusText');\n    const sliderVal = document.getElementById('thresholdSlider').value;\n    \n    if(amplitude > sliderVal) {\n        \/\/ TRIGGER\n        statusText.innerText = \"REGISTRAZIONE (REC)\";\n        statusText.style.color = \"#d32f2f\";\n        document.getElementById('oscilloscope').style.borderColor = \"#d32f2f\";\n        \n        if(!isRecording) {\n            activationCount++;\n            document.getElementById('counter').innerText = activationCount;\n            startRec();\n        }\n    } else {\n        \/\/ QUIET\n        if(!isRecording) {\n            statusText.innerText = \"STANDBY (SILENZIO)\";\n            statusText.style.color = \"#4caf50\";\n            document.getElementById('oscilloscope').style.borderColor = \"#555\";\n        }\n    }\n}\n\nfunction startRec() {\n    isRecording = true;\n    if(mediaRecorder.state === \"inactive\") mediaRecorder.start();\n    \n    setTimeout(() => {\n        if(mediaRecorder.state === \"recording\") mediaRecorder.stop();\n        isRecording = false;\n    }, 4000); \n}\n<\/script>\n\n\n\n<h2 class=\"wp-block-heading\"><strong>Test Microfono<\/strong> <strong>di Calibrazione VOX: Come regolare l&#8217;attivazione vocale della tua microspia<\/strong><\/h2>\n\n\n\n<p><strong><em>Test Microfono<\/em>. <\/strong>L&#8217;attivazione vocale (VOX) \u00e8 fondamentale per risparmiare batteria e memoria, ma va calibrata in base all&#8217;ambiente. Una sensibilit\u00e0 troppo alta far\u00e0 attivare il <a href=\"https:\/\/www.spiare.com\/microregistratori-spia-digitali-vocali-ambientali-e-telefonici.html\" target=\"_blank\" rel=\"noreferrer noopener\">registratore vocale<\/a> anche per un colpo di tosse o il rumore del traffico; una troppo bassa rischia di non catturare una conversazione sussurrata.<\/p>\n\n\n\n<p>Usa questo simulatore per capire il livello di &#8220;Soglia del Silenzio&#8221; della stanza in cui ti trovi.<\/p>\n\n\n\n<figure class=\"wp-block-image size-full\"><img decoding=\"async\" width=\"800\" height=\"450\" src=\"https:\/\/www.spiare.com\/blog\/wp-content\/uploads\/2026\/01\/test-microfono.jpg\" alt=\"test-microfono\" class=\"wp-image-14545\" srcset=\"https:\/\/www.spiare.com\/blog\/wp-content\/uploads\/2026\/01\/test-microfono.jpg 800w, https:\/\/www.spiare.com\/blog\/wp-content\/uploads\/2026\/01\/test-microfono-649x365.jpg 649w, https:\/\/www.spiare.com\/blog\/wp-content\/uploads\/2026\/01\/test-microfono-500x280.jpg 500w, https:\/\/www.spiare.com\/blog\/wp-content\/uploads\/2026\/01\/test-microfono-768x432.jpg 768w\" sizes=\"(max-width: 800px) 100vw, 800px\" \/><\/figure>\n\n\n\n<h2 class=\"wp-block-heading\"><strong>Come usare il simulatore del Test Microfono<\/strong> <strong>VOX<\/strong><\/h2>\n\n\n\n<ol start=\"1\" class=\"wp-block-list\">\n<li><strong>Posizionati:<\/strong> Mettiti nel punto esatto dove vuoi nascondere il dispositivo.<\/li>\n\n\n\n<li><strong>Avvia:<\/strong> Clicca su &#8220;Avvia Microfono&#8221; e rimani in silenzio assoluto per 5 secondi.<\/li>\n\n\n\n<li><strong>Calibra:<\/strong> Muovi la levetta della sensibilit\u00e0 finch\u00e9 la spia &#8220;REC&#8221; non si spegne (questo \u00e8 il tuo &#8220;Rumore di Fondo&#8221;).<\/li>\n\n\n\n<li><strong>Testa:<\/strong> Prova a parlare con tono normale. Se la spia &#8220;REC&#8221; si accende, hai trovato il settaggio giusto.<\/li>\n<\/ol>\n\n\n\n<h2 class=\"wp-block-heading\"><strong>Capire i Livelli di Sensibilit\u00e0 (dB)<\/strong> <\/h2>\n\n\n\n<p>La maggior parte dei nostri registratori e microspie permette di scegliere tra diversi livelli (es. 1-5 o Low\/High).<\/p>\n\n\n\n<ul class=\"wp-block-list\">\n<li><strong>Alta Sensibilit\u00e0 (45-50 dB):<\/strong> Attivazione anche con sussurri. Ideale per ambienti molto silenziosi (es. camera da letto notturna, ufficio chiuso).<\/li>\n\n\n\n<li><strong>Media Sensibilit\u00e0 (55-60 dB):<\/strong> Lo standard. Ignora il ronzio del PC o del condizionatore, ma si attiva col parlato normale.<\/li>\n\n\n\n<li><strong>Bassa Sensibilit\u00e0 (70+ dB):<\/strong> Ideale per ambienti rumorosi (es. auto in movimento, bar). Si attiva solo con voci forti o urla.<\/li>\n<\/ul>\n\n\n\n<h3 class=\"wp-block-heading\"><strong>Attenzione: Microfono vs Hardware Professionale<\/strong> <\/h3>\n\n\n\n<p><em>Nota tecnica: Questo tool utilizza il microfono del tuo smartphone o PC. I <a href=\"https:\/\/www.knowles.com\/\" target=\"_blank\" rel=\"noreferrer noopener\">microfoni Knowles <\/a>installati sui prodotti <strong><a href=\"https:\/\/www.spiare.com\/\">Spiare.com<\/a><\/strong> hanno una sensibilit\u00e0 e un raggio d&#8217;azione nettamente superiori, ma questo test ti fornisce un&#8217;ottima indicazione relativa sulla rumorosit\u00e0 ambientale.<\/em><\/p>\n<div style='text-align:center' class='yasr-auto-insert-visitor'><\/div>","protected":false},"excerpt":{"rendered":"  <a href=\"https:\/\/www.spiare.com\/blog\/strumenti-tecnici-e-calcolatori-investigativi\/\"> &#8592; Torna agli Strumenti <\/a>  Analizzatore Spettro VOX Visualizza l&#8217;onda sonora e regola la soglia di attivazione.   ATTIVA ANALIZZATORE    &lt;div id=&quot;thresholdLine&quot; style=&quot;position: absolute; top: 50%; left: 0; right: 0; height: 2px; background-color: rgba(255, 0, 0, 0.7); z-index:\u2026","protected":false},"author":1,"featured_media":14545,"parent":0,"menu_order":0,"comment_status":"closed","ping_status":"closed","template":"","meta":{"_lmt_disableupdate":"","_lmt_disable":"","yasr_overall_rating":0,"yasr_post_is_review":"","yasr_auto_insert_disabled":"","yasr_review_type":"","footnotes":""},"class_list":["post-14542","page","type-page","status-publish","has-post-thumbnail","hentry"],"featured_image_src":"https:\/\/www.spiare.com\/blog\/wp-content\/uploads\/2026\/01\/test-microfono.jpg","yoast_head":"<!-- This site is optimized with the Yoast SEO plugin v27.5 - https:\/\/yoast.com\/product\/yoast-seo-wordpress\/ -->\n<title>Test Microfono VOX: Calibra la tua Microspia | Spiare.com - Spiare Blog | 1.001 notizie di spionaggio<\/title>\n<meta name=\"description\" content=\"Test Microfono usa il simulatore VOX gratuito. Misura i decibel ambientali e regola l&#039;attivazione vocale dei tuoi registratori spia al meglio.\" \/>\n<meta name=\"robots\" content=\"index, follow, max-snippet:-1, max-image-preview:large, max-video-preview:-1\" \/>\n<link rel=\"canonical\" href=\"https:\/\/www.spiare.com\/blog\/test-microfono\/\" \/>\n<meta property=\"og:locale\" content=\"it_IT\" \/>\n<meta property=\"og:type\" content=\"article\" \/>\n<meta property=\"og:title\" content=\"Test Microfono VOX: Calibra la tua Microspia | Spiare.com - Spiare Blog | 1.001 notizie di spionaggio\" \/>\n<meta property=\"og:description\" content=\"Test Microfono usa il simulatore VOX gratuito. Misura i decibel ambientali e regola l&#039;attivazione vocale dei tuoi registratori spia al meglio.\" \/>\n<meta property=\"og:url\" content=\"https:\/\/www.spiare.com\/blog\/test-microfono\/\" \/>\n<meta property=\"og:site_name\" content=\"Spiare Blog | 1.001 notizie di spionaggio\" \/>\n<meta property=\"article:publisher\" content=\"https:\/\/www.facebook.com\/pages\/Spiarecom\/126534451336\" \/>\n<meta property=\"article:modified_time\" content=\"2026-01-01T11:37:00+00:00\" \/>\n<meta property=\"og:image\" content=\"https:\/\/www.spiare.com\/blog\/wp-content\/uploads\/2026\/01\/test-microfono.jpg\" \/>\n\t<meta property=\"og:image:width\" content=\"800\" \/>\n\t<meta property=\"og:image:height\" content=\"450\" \/>\n\t<meta property=\"og:image:type\" content=\"image\/jpeg\" \/>\n<meta name=\"twitter:card\" content=\"summary_large_image\" \/>\n<meta name=\"twitter:site\" content=\"@spiarecom\" \/>\n<meta name=\"twitter:label1\" content=\"Tempo di lettura stimato\" \/>\n\t<meta name=\"twitter:data1\" content=\"3 minuti\" \/>\n<!-- \/ Yoast SEO plugin. -->","yoast_head_json":{"title":"Test Microfono VOX: Calibra la tua Microspia | Spiare.com - Spiare Blog | 1.001 notizie di spionaggio","description":"Test Microfono usa il simulatore VOX gratuito. Misura i decibel ambientali e regola l'attivazione vocale dei tuoi registratori spia al meglio.","robots":{"index":"index","follow":"follow","max-snippet":"max-snippet:-1","max-image-preview":"max-image-preview:large","max-video-preview":"max-video-preview:-1"},"canonical":"https:\/\/www.spiare.com\/blog\/test-microfono\/","og_locale":"it_IT","og_type":"article","og_title":"Test Microfono VOX: Calibra la tua Microspia | Spiare.com - Spiare Blog | 1.001 notizie di spionaggio","og_description":"Test Microfono usa il simulatore VOX gratuito. Misura i decibel ambientali e regola l'attivazione vocale dei tuoi registratori spia al meglio.","og_url":"https:\/\/www.spiare.com\/blog\/test-microfono\/","og_site_name":"Spiare Blog | 1.001 notizie di spionaggio","article_publisher":"https:\/\/www.facebook.com\/pages\/Spiarecom\/126534451336","article_modified_time":"2026-01-01T11:37:00+00:00","og_image":[{"width":800,"height":450,"url":"https:\/\/www.spiare.com\/blog\/wp-content\/uploads\/2026\/01\/test-microfono.jpg","type":"image\/jpeg"}],"twitter_card":"summary_large_image","twitter_site":"@spiarecom","twitter_misc":{"Tempo di lettura stimato":"3 minuti"},"schema":{"@context":"https:\/\/schema.org","@graph":[{"@type":["Article","BlogPosting"],"@id":"https:\/\/www.spiare.com\/blog\/test-microfono\/#article","isPartOf":{"@id":"https:\/\/www.spiare.com\/blog\/test-microfono\/"},"author":{"name":"Francesco Polimeni","@id":"https:\/\/www.spiare.com\/blog\/#\/schema\/person\/c739e0444466f527de7c9a66b30fcd88"},"headline":"Test Microfono VOX: Calibra la tua Microspia | Spiare.com","datePublished":"2026-01-01T11:32:05+00:00","dateModified":"2026-01-01T11:37:00+00:00","mainEntityOfPage":{"@id":"https:\/\/www.spiare.com\/blog\/test-microfono\/"},"wordCount":322,"publisher":{"@id":"https:\/\/www.spiare.com\/blog\/#organization"},"image":{"@id":"https:\/\/www.spiare.com\/blog\/test-microfono\/#primaryimage"},"thumbnailUrl":"https:\/\/www.spiare.com\/blog\/wp-content\/uploads\/2026\/01\/test-microfono.jpg","inLanguage":"it-IT"},{"@type":"WebPage","@id":"https:\/\/www.spiare.com\/blog\/test-microfono\/","url":"https:\/\/www.spiare.com\/blog\/test-microfono\/","name":"Test Microfono VOX: Calibra la tua Microspia | Spiare.com - Spiare Blog | 1.001 notizie di spionaggio","isPartOf":{"@id":"https:\/\/www.spiare.com\/blog\/#website"},"primaryImageOfPage":{"@id":"https:\/\/www.spiare.com\/blog\/test-microfono\/#primaryimage"},"image":{"@id":"https:\/\/www.spiare.com\/blog\/test-microfono\/#primaryimage"},"thumbnailUrl":"https:\/\/www.spiare.com\/blog\/wp-content\/uploads\/2026\/01\/test-microfono.jpg","datePublished":"2026-01-01T11:32:05+00:00","dateModified":"2026-01-01T11:37:00+00:00","description":"Test Microfono usa il simulatore VOX gratuito. Misura i decibel ambientali e regola l'attivazione vocale dei tuoi registratori spia al meglio.","breadcrumb":{"@id":"https:\/\/www.spiare.com\/blog\/test-microfono\/#breadcrumb"},"inLanguage":"it-IT","potentialAction":[{"@type":"ReadAction","target":["https:\/\/www.spiare.com\/blog\/test-microfono\/"]}]},{"@type":"ImageObject","inLanguage":"it-IT","@id":"https:\/\/www.spiare.com\/blog\/test-microfono\/#primaryimage","url":"https:\/\/www.spiare.com\/blog\/wp-content\/uploads\/2026\/01\/test-microfono.jpg","contentUrl":"https:\/\/www.spiare.com\/blog\/wp-content\/uploads\/2026\/01\/test-microfono.jpg","width":800,"height":450,"caption":"test-microfono"},{"@type":"BreadcrumbList","@id":"https:\/\/www.spiare.com\/blog\/test-microfono\/#breadcrumb","itemListElement":[{"@type":"ListItem","position":1,"name":"Home","item":"https:\/\/www.spiare.com\/blog\/"},{"@type":"ListItem","position":2,"name":"Test Microfono VOX: Calibra la tua Microspia | Spiare.com"}]},{"@type":"WebSite","@id":"https:\/\/www.spiare.com\/blog\/#website","url":"https:\/\/www.spiare.com\/blog\/","name":"Spiare Blog | 1.001 notizie di spionaggio","description":"Articoli e News su spionaggio e controspionaggio civile e militare. Consigli utili su tecniche e tecnologie investigative","publisher":{"@id":"https:\/\/www.spiare.com\/blog\/#organization"},"potentialAction":[{"@type":"SearchAction","target":{"@type":"EntryPoint","urlTemplate":"https:\/\/www.spiare.com\/blog\/?s={search_term_string}"},"query-input":{"@type":"PropertyValueSpecification","valueRequired":true,"valueName":"search_term_string"}}],"inLanguage":"it-IT"},{"@type":"Organization","@id":"https:\/\/www.spiare.com\/blog\/#organization","name":"Polinet s.r.l","url":"https:\/\/www.spiare.com\/blog\/","logo":{"@type":"ImageObject","inLanguage":"it-IT","@id":"https:\/\/www.spiare.com\/blog\/#\/schema\/logo\/image\/","url":"https:\/\/www.spiare.com\/blog\/wp-content\/uploads\/2018\/10\/spiare.jpg","contentUrl":"https:\/\/www.spiare.com\/blog\/wp-content\/uploads\/2018\/10\/spiare.jpg","width":299,"height":53,"caption":"Polinet s.r.l"},"image":{"@id":"https:\/\/www.spiare.com\/blog\/#\/schema\/logo\/image\/"},"sameAs":["https:\/\/www.facebook.com\/pages\/Spiarecom\/126534451336","https:\/\/x.com\/spiarecom","https:\/\/www.youtube.com\/user\/microspie"]},{"@type":"Person","@id":"https:\/\/www.spiare.com\/blog\/#\/schema\/person\/c739e0444466f527de7c9a66b30fcd88","name":"Francesco Polimeni","image":{"@type":"ImageObject","inLanguage":"it-IT","@id":"https:\/\/www.spiare.com\/blog\/wp-content\/uploads\/2023\/12\/29557a7a32d6c81becfc2cbc40703ba6.png3cb5e2f1ae430cad3fc5998aa0b5a92c","url":"https:\/\/www.spiare.com\/blog\/wp-content\/uploads\/2023\/12\/29557a7a32d6c81becfc2cbc40703ba6.png","contentUrl":"https:\/\/www.spiare.com\/blog\/wp-content\/uploads\/2023\/12\/29557a7a32d6c81becfc2cbc40703ba6.png","caption":"Francesco Polimeni"},"description":"Francesco Polimeni \u00e8 un esperto riconosciuto nel campo del Technical Surveillance Counter Measures (TSCM), con oltre trent'anni di esperienza nel settore della sicurezza e del controspionaggio. Dopo una carriera come agente della Polizia di Stato, ha fondato Polinet S.r.l. a Roma, un'azienda leader nelle bonifiche elettroniche e nella vendita di dispositivi di sorveglianza. Dal 2001 \u00e8 Amministratore Unico della Polinet S.r.l., tra le societ\u00e0 leader in Italia esperte in tecnologie di Controsorveglianza e Anti Intercettazioni. La sua specializzazione include la bonifica di microspie in ambienti privati e professionali, nonch\u00e9 la rimozione di localizzatori GPS nascosti nei veicoli. Polimeni \u00e8 anche un volto noto nei media italiani, avendo partecipato a numerose trasmissioni televisive di rilievo come \"Porta a Porta\" e \"Matrix\", dove \u00e8 spesso invitato come esperto per discutere di tematiche legate alla sicurezza delle informazioni e al controspionaggio. La sua attivit\u00e0 non si limita alla capitale; infatti, offre i suoi servizi di bonifica in tutta Italia, mantenendo un alto livello di riservatezza e professionalit\u00e0 in ogni intervento. Francesco Polimeni \u00e8 iscritto al Ruolo Periti ed Esperti dalla C.C.I.A.A. di Roma al numero *** RM-2368 *** quale \"Esperto in Sistemi di Prevenzione del Crimine\". Competenze chiave: - Bonifiche elettroniche e rimozione di dispositivi di sorveglianza - Consulenze tecniche per la prevenzione del crimine - Utilizzo di tecnologie avanzate per il rilevamento di localizzatori GPS - Esperienza pluriennale nel settore TSCM e controspionaggio","sameAs":["https:\/\/www.spiare.com","https:\/\/www.facebook.com\/polimeni.francesco","https:\/\/x.com\/spiarecom"]},false]}},"yasr_visitor_votes":{"stars_attributes":{"read_only":false,"span_bottom":false},"number_of_votes":0,"sum_votes":0},"_links":{"self":[{"href":"https:\/\/www.spiare.com\/blog\/wp-json\/wp\/v2\/pages\/14542","targetHints":{"allow":["GET"]}}],"collection":[{"href":"https:\/\/www.spiare.com\/blog\/wp-json\/wp\/v2\/pages"}],"about":[{"href":"https:\/\/www.spiare.com\/blog\/wp-json\/wp\/v2\/types\/page"}],"author":[{"embeddable":true,"href":"https:\/\/www.spiare.com\/blog\/wp-json\/wp\/v2\/users\/1"}],"replies":[{"embeddable":true,"href":"https:\/\/www.spiare.com\/blog\/wp-json\/wp\/v2\/comments?post=14542"}],"version-history":[{"count":5,"href":"https:\/\/www.spiare.com\/blog\/wp-json\/wp\/v2\/pages\/14542\/revisions"}],"predecessor-version":[{"id":14549,"href":"https:\/\/www.spiare.com\/blog\/wp-json\/wp\/v2\/pages\/14542\/revisions\/14549"}],"wp:featuredmedia":[{"embeddable":true,"href":"https:\/\/www.spiare.com\/blog\/wp-json\/wp\/v2\/media\/14545"}],"wp:attachment":[{"href":"https:\/\/www.spiare.com\/blog\/wp-json\/wp\/v2\/media?parent=14542"}],"curies":[{"name":"wp","href":"https:\/\/api.w.org\/{rel}","templated":true}]}}